 r**2 + 4*r + 1. Let z be g(-11). Let w = f - z. Let m(u) = -5*u + 6. Give m(w).
-24
Suppose -2*g = 2*g. Let s(i) = -i**3 + 14*i**2 - 35*i + 31. Let x be s(11). Let o(k) = -x*k + 0*k**2 + 8 + 0*k**2 + g*k + k**2. What is o(7)?
-6
Let y = 688 + -699. Let a(o) be the first derivative of -o**3/3 - 11*o**2/2 + o + 8. Calculate a(y).
1
Let y be (-63)/105 + 16/10. Let z(r) = 11*r - 34*r**2 + 11*r - 23*r. Determine z(y).
-35
Let q(u) = -5*u**3 + u**2 + u + 1. Let z be -11*5/(-275) + (-52)/10. Suppose 0 = 4*d + 8, 2*d - 4 = 4*x - 2*d. Let m be z - (-1 - (-9)/x). What is q(m)?
6
Let h(b) = 16*b**3 + 3*b - 2. Suppose -372*o = -382*o + 10 - 0. What is h(o)?
17
Let u(t) = t**3 + 7*t**2 + 11*t + 1. Suppose -59*w - 400 = 11*w + 10*w. What is u(w)?
-4
Let i(s) = -664*s - 4026. Let l(h) = 443*h + 2656. Let y(x) = 5*i(x) + 7*l(x). Calculate y(-7).
-5
Let d(r) = 15*r**3 - 3*r**2 - 29*r - 63. Let i(n) = -13*n**3 + 3*n**2 + 26*n + 54. Let p(f) = 6*d(f) + 7*i(f). Give p(6).
-60
Let t(z) = -z**3 + 10*z**2 - 25*z + 15. Let c(o) = -3*o**3 + 30*o**2 - 71*o + 45. Let p(m) = 3*c(m) - 8*t(m). Calculate p(8).
39
Let s(i) = 9*i + 514*i**2 + 504*i**2 + 13 - 1014*i**2 + 6*i - 6*i. Give s(-4).
41
Let d(y) = -15*y**3 - 64*y**2 + 16*y - 35. Let h(k) = 7*k**3 + 30*k**2 - 7*k + 17. Let c(l) = -6*d(l) - 13*h(l). Give c(-6).
19
Let x(o) = -638*o**2 - 643*o**2 - 12*o - 654*o**2 + 1934*o**2 - 38. Determine x(-4).
-6
Let z(f) = -2*f**2 - 8*f + 17. Let o = 15754 + -15761. Give z(o).
-25
Suppose -j - 5 = -10. Suppose 0 = 11*q - 69 - 41. Suppose j = -b + q. Let f(o) = 4*o - 7. Determine f(b).
13
Let m be (-1045)/55 + 30 + 0. Let n(c) = -3*c**2 + 35*c - 13. Give n(m).
9
Let p(d) = -14*d - 109. Suppose 0 = 5*y - 25, 36*w - 14 = 39*w + 2*y. Calculate p(w).
3
Let r be (-21)/42 - ((-395)/(-2))/(-5). Suppose -h - 17 = 5*q, 0*h + 5*h + 2*q = -r. Let l(a) = -a - 3. Give l(h).
4
Let p(g) be the second derivative of -22*g - 1/20*g**5 - 4*g**2 + 7/12*g**4 + 0 - g**3. Let v = -3 + 9. Determine p(v).
-8
Suppose -2*j = 0, -27*j = -g - 24*j - 1. Let s(d) = 20*d - 54*d - 19 + 20. Give s(g).
35
Let t(k) be the second derivative of -k**6/360 + k**5/12 - k**4/12 + k**3/6 + 21*k**2/2 + 2*k - 40. Let j(g) be the second derivative of t(g). What is j(7)?
19
Let m(l) = 5*l + 5*l**2 - 4*l**2 - 14*l + 5*l + 10*l. What is m(-4)?
-8
Let n(y) = 43 + 1245*y - 1263*y - 72. Determine n(-2).
7
Let d(y) = 2*y**2 + 1. Suppose -t + 2 = -u, 2 - 4 = -3*t + 5*u. Let n = -459 + 321. Let h be t/14 + n/42. What is d(h)?
19
Let d(c) = -c**3 + 11*c**2 - 9*c - 15. Let k = -234 - -244. Let q be d(k). Let v(p) = 5*p + 7. Calculate v(q).
-18
Let t(l) be the first derivative of l**3/3 - 5*l**2 + 3*l - 8177. Let g(d) = -d**3 - 5*d**2 - 6*d. Let h be g(-4). What is t(h)?
-13
Let u be 774/153 + (-6)/102. Let z(v) = -2*v**2 + 14*v - 1. Determine z(u).
19
Let o(j) be the third derivative of 0 + 0*j**3 + 44*j**2 - 1/120*j**6 - 1/12*j**4 + 0*j + 1/30*j**5. Suppose a + a - 4 = 0. Calculate o(a).
-4
Let f(v) = -v**3 - 34*v**2 - 2*v - 72. Let t be 1/((5/4 - 2)/(1683/66)). Determine f(t).
-4
Let t(c) = c**3 + 7*c**2 + 6*c + 1. Suppose d - 6*n = -3*n + 8, -d = 3*n - 32. Suppose -d = 4*r + m, 4*r + 25 = -4*m + 17. Give t(r).
1
Let l(q) = -19*q - 54. Let v(m) = -3*m**3 + 113*m**2 + 163*m - 281. Let j be v(39). What is l(j)?
98
Suppose 3*h - u = -12, 771*h - 4*u = 769*h - 18. Let k(v) = 3*v**2 + 7. Determine k(h).
34
Let i(y) = -45*y + 181. Let x(j) = -45*j + 213. Let z(d) = 6*i(d) - 5*x(d). What is z(0)?
21
Let t(u) = -2*u - 21. Let w(s) = -4*s + 296 + s - 317. Let x(g) = -5*t(g) + 4*w(g). Determine x(13).
-5
Let p(x) be the first derivative of -92 + 1/3*x**3 + 6*x + 5*x**2. Determine p(-8).
-10
Let h = -52 + 40. Let w(r) = 2*r**2 + 2*r + 1. Let g(t) = 5*t**2 + 17*t + 13. Let d(p) = -g(p) + 2*w(p). Calculate d(h).
1
Let h(v) = -v**3 + 6*v**2 - 3*v - 5. Let n be (-4 - -3)/(-8 - 517/(-66)). Calculate h(n).
-23
Let g be ((-6)/14)/(16/(-224)). Let p be 4 - (-5 + -3 + g). Let u(r) = 4*r + 6. Calculate u(p).
30
Let y = -2475 - -2476. Let x(l) = 5*l**3 + 3*l - 2. Determine x(y).
6
Let g be ((-1450)/75 + 20)*-30. Let m(z) = 2*z**3 + 40*z**2 - 64. Calculate m(g).
-64
Let p(i) = i - 12. Let o be (-7 - -15)*(-1)/(-2). Suppose x + 2 = o. Suppose -3*c + 4*u = -u, -x*c - 2*u = 0. Determine p(c).
-12
Let z(c) = -93*c - 6. Suppose 173*r - 1 + 6 = 5. Calculate z(r).
-6
Let k(n) be the second derivative of n**5/20 + 5*n**4/6 - n**3/2 - 29*n**2/2 - 4629*n. Determine k(-10).
1
Suppose -121*t + 60 = -115*t. Let o(v) = -v**3 + 11*v**2 - 10*v - 12. Give o(t).
-12
Let o be 10 + 2/8*-44. Let i(j) be the third derivative of -j**6/120 + j**5/120 - j**4/12 - j**2. Let v(u) be the second derivative of i(u). Calculate v(o).
7
Let a(o) be the first derivative of -o**5/40 + o**4/6 - 17*o**3 - o**2/2 + 7. Let c(l) be the third derivative of a(l). Calculate c(-3).
13
Let q(z) = 4*z - 3. Let k = -315 - -468. Let t be 5*3/(-9) + 102/k. Give q(t).
-7
Let g(f) be the second derivative of f**6/720 + f**5/120 - f**4/12 + 7*f**3/3 - 5*f - 2. Let x(y) be the third derivative of g(y). Calculate x(-8).
-7
Let q(y) be the third derivative of -y**6/240 - y**5/10 - 8*y**4/3 + y**3/3 + 252*y**2. Let s(w) be the second derivative of q(w). Calculate s(-6).
6
Let w = 50 - 41. Let j(c) = c**3 + 8*c**2 - 2*c**3 + 2975*c - 2966*c + 0*c**3 - 5. Give j(w).
-5
Let q = -132 + 456. Let w = -325 + q. Let n(m) = 5*m**3 + m**2 + 3*m + 2. Calculate n(w).
-5
Let g(i) = i + 5. Let n be g(-6). Let w(f) be the third derivative of -8*f**2 + 0 - 13/120*f**6 - 8*f + 0*f**4 - 1/6*f**3 + 0*f**5. Determine w(n).
12
Let f(b) = -b**2 + 4*b - 2. Let s be (127 - 119)*(-1)/(-4)*-87. Let p = 176 + s. What is f(p)?
2
Let r(k) = -2*k**2 + 27*k - 14. Let b = 25368 - 25358. Give r(b).
56
Let m be 23 + 10 + ((-756)/9)/7. Let d(h) = h - 35. Give d(m).
-14
Let y(v) = -v**2 + 4*v + 3. Let r be y(-1). Let c(b) = 250*b - 122*b - 127*b + 1. Let d(z) = -4*z - 4. Let m(i) = 5*c(i) + d(i). Calculate m(r).
-1
Let r be (-2)/18*3*(-108)/6. Suppose -f + 5*t = 6*t, -2*f = -t - r. Let u(c) = 2*c**2 + 2*c - 1. What is u(f)?
11
Let k(p) = 118*p - 1654. Let d be k(14). Let f(g) = -40*g - 3. Give f(d).
77
Let o(y) be the first derivative of y**4/4 + 32*y**3/3 + 16*y**2 + 38*y + 3209. Calculate o(-31).
7
Let x(t) = 10 + 10*t + 10*t + 12*t + 13*t - 46*t. Determine x(7).
3
Let d(z) be the third derivative of -z**5/30 - 3*z**4/8 - z**3/3 - z**2 + 210*z. Give d(-2).
8
Let t(h) = -7*h**2 - 3*h + 6. Let m be 7/8 - 6/(-48). What is t(m)?
-4
Let u(g) be the third derivative of 17*g**6/120 + g**5/30 - g**4/8 + g**3/3 - 157*g**2 + 2*g. Calculate u(1).
18
Let u(t) = t**3 - 26*t**2 + 166*t - 8. Let n be u(11). Let h(j) be the second derivative of -1/2*j**2 + 0 + 1/6*j**n - 5*j. Determine h(2).
1
Let f(d) = -60*d**3 + 61*d**3 + 5 + 5 - 3*d + d - 10*d**2. Suppose -318*w = -319*w + 10. What is f(w)?
-10
Let c(j) = 4. Let t(f) = -1. Let k(g) = c(g) + 3*t(g). Let q be 1 + 3 - (-375)/(-120) - 2/(-16). Let w(d) = 2*d + 12. Let l(x) = q*w(x) - 12*k(x). What is l(3)?
6
Let v = 16740 + -16740. Let u(a) = -5*a + 93. Give u(v).
93
Let v(a) = 2*a**2 + 32*a + 2. Suppose -5*r - 13 = 67. Let z be v(r). Let y(u) be the third derivative of -u**5/30 + u**4/8 + 2*u**2. Give y(z).
-2
Suppose 4*j - 38 = -5*z, 0 = j - 10*z + 16*z. Let d(s) = -6*s**2 + 77*s - 51. Determine d(j).
9
Let s(d) = -d**3 + 12*d**2 + 14*d - 8. Let j(b) = 2*b + 2*b - 5 - 9 - 5. Let l be j(8). What is s(l)?
5
Let f(g) = 4*g**2 - g + 2. Let s be (-8)/(-10) + 7/((-280)/32). Suppose s = 6*v - 4*v + 4. Calculate f(v).
20
Let g(m) be the second derivative of -m**4/12 + 4*m**3/3 - m**2/2 - m. Let k = -760 - -116. Let n = k + 651. What is g(n)?
6
Let d(s) = -6*s**2 + 153*s + 80. Let a be d(26). Let b(t) = 7*t - 7. What is b(a)?
7
Let y(g) = g - 2. Let s be y(6). Let k(q) be the second derivative of -q**4/12 + q**3/3 + 2*q**2 - 9*q + 12. What is k(s)?
-4
Suppose 6*n = 2*n - 4. Let k be (40/14)/(8/(-28)*n). Suppose -o - k + 11 = 0. Let v(c) = 17*c**3 - 2*c**2 + c. Give v(o).
16
Let u(k) = 5*k + 6*k - 14*k + 10*k - 5*k - 1. What is u(2)?
3
Let t(j) = 18*j + 14. Suppose -235*x - 320 - 29 = 114*x. What is t(x)?
-4
Let p(b) = -b**2 + 6*b - 5. Let v(q) = 9*q - 3. Suppose 16*w - 28 = 20*w. Let c be v(w). Let y = c + 70. Wh